 -41*k - 8*k + 544 = 19*k. What is the remainder when 2868 is divided by k?
4
Calculate the remainder when 110 is divided by ((-9)/14 - (-32)/28)*98.
12
Suppose -5*x = -3*r - 3, -x - 1 + 5 = -4*r. Suppose -3*i + 37 + 50 = x. What is the remainder when 80 is divided by i?
22
Let q(r) = 541*r + 1085. Let p = 67 - 44. What is the remainder when p is divided by q(-2)?
2
What is the remainder when 452 is divided by (6048/(-3696))/((-1)/99)?
128
Calculate the remainder when 591 is divided by ((4/(-8))/(5/70))/((-11)/253).
108
Suppose 90 = 41*w - 36*w. Calculate the remainder when 139 is divided by w.
13
Let t = 3 + 2. Suppose t*k = -20, 2*c - 11 = 2*k + 1. Suppose 2*h + 2*l = 10, h + 0*h = -c*l + 3. What is the remainder when 12 is divided by h?
5
Let d(j) = -3526*j + 3535. Calculate the remainder when (-17942)/(-18) - 4/(-18) is divided by d(1).
7
Suppose 80*t = 75*t + 150. Let u = 10 - -97. Let m = u - t. What is the remainder when m is divided by 26?
25
Calculate the remainder when 637 is divided by (1482/(-570))/((-1)/5).
0
Let t(h) = 8*h + 354. What is the remainder when 157 is divided by t(-38)?
7
Calculate the remainder when 4946 is divided by (3 - 22 - 3)*-9.
194
Let h = 8887 - 8009. What is the remainder when h is divided by 130?
98
Let i = -1065 + 1084. Let m(c) = 2*c + 2 - 4 + 4*c + 3. What is the remainder when m(6) is divided by i?
18
Let u(p) = -3*p**2 - 73*p - 16. Let w = -171 + 147. Calculate the remainder when 59 is divided by u(w).
3
Let f = 18015 + -17814. What is the remainder when 528 is divided by f?
126
Suppose 727 = 5*i + 4*s, -4*i - 2*s = -s - 586. Calculate the remainder when i is divided by 6.
3
Suppose -25 = -8*s + 3*s + 5*r, 2*s + r = 25. Suppose -k = -3*h - s, h + 4*k = 7*k - 14. What is the remainder when 2/h + 58*(2 + 0) is divided by 29?
28
Suppose -12*k = -20*k + 1200. Let y = k - 126. Calculate the remainder when 68 is divided by y.
20
Suppose -22*d + 28 = 94. What is the remainder when -3 + d + 54 - 6 is divided by 24?
18
Let m(v) = -2*v**3 - 2*v**2 - 7*v - 21. Let z(s) = 2*s**3 + 3*s**2 + 7*s + 20. Let q(o) = -2*m(o) - 3*z(o). What is the remainder when q(-5) is divided by 37?
31
Suppose -4*t + 1044 = -4*z, -448 - 330 = -3*t - 2*z. Let p = t + -247. Calculate the remainder when 227 is divided by p.
6
Suppose -239 = -5*f + 46. Let m = f + 9. Let p = 73 - m. What is the remainder when 24 is divided by p?
3
Suppose 4*l - 324 = -8*l. Calculate the remainder when (1566/12)/((-3)/(-8)) is divided by l.
24
Let c be 0*(-4 + 26/6). Suppose c = 4*d - 9*d + a + 52, -3*d = 5*a - 20. What is the remainder when 51 is divided by d?
1
What is the remainder when (-3535)/(-7) + 2*(-2)/(6 + -5) is divided by 31?
5
Suppose 5*b + 5*y - 70 = 10, 2 = y. Calculate the remainder when (-154)/(-3) - 2/6 is divided by b.
9
Let b be -7*(13 - (0 + 3)). Let n = -65 - b. Suppose u - n*f = 2*u - 14, 4*u + 5*f = 101. Calculate the remainder when 55 is divided by u.
26
Let t(u) = -u - 2. Let f = -25 + 26. Let w(d) = 8*d + 16. Let m(x) = f*t(x) - w(x). Calculate the remainder when m(-12) is divided by 23.
21
Let q(t) = -t**3 - 16*t**2 - 52*t + 184. What is the remainder when 754 is divided by q(-11)?
150
Suppose -b = -z + 50, 5*b = 66*z - 71*z + 300. Calculate the remainder when 1332 is divided by z.
12
Let q(c) = -2*c**3 - 19*c**2 + 9*c - 5. Let b be q(-10). Suppose 137 = b*l - 648. What is the remainder when l is divided by 53?
51
Suppose -19 = 2*j - 4*i - 47, 0 = -j - 2*i + 42. Let v(n) = 83*n**2 - n - 1. Calculate the remainder when v(-1) is divided by j.
27
Let i = -222 + 59. Let h be 24/4*i/(-3). Suppose -9*m + 547 = -h. What is the remainder when m is divided by 14?
13
Suppose 3*f = -0*f - 3*o + 159, -2*o - 258 = -5*f. Let w = f + -42. Let a(p) = -p**3 - 3*p**2 + 7*p + 38. Calculate the remainder when a(-4) is divided by w.
6
Suppose 0 = -n + 2*d + 2*d + 210, 4*n - 2*d - 840 = 0. What is the remainder when n is divided by 18?
12
Let u(h) = h**2 + 30*h + 101. Let a be ((-99)/(-27) + -4)/((-1)/(-81)). Calculate the remainder when 258 is divided by u(a).
18
Let g(b) = -b**3 - 12*b**2 + 11*b - 8. Let d be g(-13). Suppose d = 3*q - 87. Calculate the remainder when q is divided by 4.
3
Suppose 13*j - 5*j - 1815 = -47*j. Suppose -2*i - 3*i + 80 = 0. What is the remainder when j is divided by i?
1
Suppose -7*s + 243 + 459 = 19*s. What is the remainder when 249 is divided by s?
6
Let j be -2 + 3 - (-51 - (-1 - 4)). Suppose 0 = 2*i - 9 - j. Calculate the remainder when i is divided by 15.
13
Let z(b) = 4*b - 10*b**2 + 0*b**2 - 4 - 2*b - b + b**3. Let l be z(10). Suppose -7 = l*v - 271. Calculate the remainder when v is divided by 23.
21
Let s(j) = -3*j - 31. Let l be s(-5). What is the remainder when ((-16)/l)/((-1)/(-37)) is divided by 19?
18
Suppose 720*g - 1951978 = 821462. Calculate the remainder when g is divided by 34.
10
Suppose -3220 = -5*h + 5*z + 580, 0 = 4*h + 2*z - 3040. What is the remainder when h is divided by 36?
4
Suppose 2261 = 3*j + 16*j. Let u(w) = -w**3 + 6*w**2 + 4*w + 1. Calculate the remainder when j is divided by u(6).
19
Suppose -724 = -218*v + 5162. What is the remainder when 569 is divided by v?
2
Suppose 75*w = 6199 + 9176. Calculate the remainder when w is divided by 38.
15
Let y = -320 + 323. Suppose -r + 2*n + 13 = -22, y*r = -3*n + 87. What is the remainder when 149 is divided by r?
25
Let x(r) = -r**2 + 1081*r + 7633. Suppose -2*o + 60 + 42 = 0. Calculate the remainder when o is divided by x(-7).
0
Let j(k) = 13*k**3 + 4*k**2 + 8*k + 7. Let d(o) = -13*o**3 - 3*o**2 - 6*o - 6. Let r(s) = -5*d(s) - 4*j(s). Calculate the remainder when 41 is divided by r(1).
5
Suppose -7*w = 5*u - 4*w - 92, u - 3*w = 22. What is the remainder when u is divided by 11?
8
Let m be ((-6)/9)/(6/(-783)). Suppose 2*v = 15 + m. Calculate the remainder when 356 is divided by v.
50
Suppose 5 = -o + t, -7*o + 8*o - 2*t + 9 = 0. What is the remainder when 471 is divided by o + (658/11 - 22/(-121))?
58
Suppose -4*n = 5*f - 822, 73*n + 4*f = 77*n - 804. What is the remainder when 14817 is divided by n?
201
Suppose 4*u + 4*t - 288 = 0, -2*u - t + 150 = 4*t. Suppose 1 = 4*s - 11. What is the remainder when u is divided by 22 + -6 + -1 + s?
16
Let r(z) = -z**3 - z**2 + 5*z - 5. Suppose -1 = 3*p - 7. Let h be r(p). Let f = 18 - h. What is the remainder when 49 is divided by f?
24
Let i(a) = -a**3 - 2*a + 33. Let f be i(0). Let c = 97 - f. What is the remainder when 65 is divided by c/3 - 2/(-3)?
21
Suppose 35*m - 27*m - 5085 = -105*m. What is the remainder when 943 is divided by m?
43
Suppose -1040*f + 16 = -1032*f. Let b be 54 - 0/(-2 - -1). Suppose -10 = o + 3*m - 48, -5*m - b = -f*o. What is the remainder when o is divided by 11?
10
Calculate the remainder when 7346 is divided by (25/(-2))/(16410/(-420) + 39).
171
Let r = 144 - 87. Let i = r + -45. Suppose 4*a = -i, 0*b - 5*b + a = -168. Calculate the remainder when b is divided by 19.
14
Suppose 5*t - 49 = -2*l, 47*l - 49*l + 21 = t. Suppose o - 2*d = 4, -d = 1 + 2. Calculate the remainder when 2 - -13 - -2 - o is divided by l.
5
Let d(t) = t + 37. Let l be d(-9). Suppose l*b = 25*b + 504. Suppose 0 = -5*f + b + 42. What is the remainder when f is divided by 11?
9
Suppose -5*f + 280 = 2*a - 10, f - 41 = 3*a. Suppose 6*j - 272 = -f. Calculate the remainder when 62 is divided by j.
26
Let t = -9794 - -10058. Calculate the remainder when t is divided by 39.
30
Let m(q) = 11*q + 346. Calculate the remainder when 234 is divided by m(-25).
21
Suppose 0 = -4*t + 3*i + 2*i - 1, -4*t - 28 = 4*i. Suppose c - 15 = 2*k, 12 = -33*k + 29*k. What is the remainder when (t + 24/c)*(-138)/4 is divided by 16?
14
Suppose 0 = 3*q - 3*w - 132, -4*w = 4*q - 129 - 7. Calculate the remainder when 1751 is divided by q.
35
Let o(x) = -x**3 + 10*x**2 - 9*x + 9. Let y be 3*(-5 - -2)*(-2 + 1). Calculate the remainder when 105 is divided by o(y).
6
Let t be 29 - (12/3 - 2). Let n be -6*120/t*9/6. Calculate the remainder when 48 is divided by (n/(-28))/((-1)/(-7) - 0).
8
Let p = 11 + -10. Suppose 4*x - 11 = p. What is the remainder when x/(-4) + 1356/16 is divided by 22?
18
Let u = -6712 + 7106. What is the remainder when u is divided by 12?
10
Suppose 0 = -x + 41 + 20. Let i(h) = -67*h**2 + 10110*h + 1357. Calculate the remain